 highest common factor of 2640178 and 12032.
94
What is the greatest common factor of 10045 and 11789645?
245
Calculate the highest common divisor of 394 and 56992494.
394
What is the highest common factor of 626628 and 1965814?
1322
What is the greatest common factor of 256 and 88380784?
16
Calculate the greatest common factor of 178090 and 10714.
22
What is the highest common divisor of 572347 and 33120533?
10799
What is the highest common factor of 129468 and 33420?
12
What is the highest common divisor of 2341 and 99438657?
2341
Calculate the highest common factor of 42585822 and 72.
18
Calculate the greatest common factor of 1078 and 692006.
14
What is the greatest common factor of 111101 and 3047927?
241
Calculate the highest common divisor of 1911 and 150149181.
1911
Calculate the highest common factor of 55 and 12511092.
11
Calculate the greatest common factor of 23832280 and 120.
40
Calculate the greatest common factor of 354958 and 266.
38
What is the greatest common divisor of 118545 and 54810?
105
What is the greatest common factor of 6487 and 680168437?
6487
What is the highest common factor of 3760 and 30280?
40
What is the highest common divisor of 284840 and 40600?
40
Calculate the greatest common factor of 3275976 and 3036.
132
Calculate the greatest common divisor of 4990 and 39810.
10
What is the highest common factor of 5496224 and 40?
8
What is the highest common divisor of 4552582 and 3?
1
What is the highest common divisor of 414405910 and 1510?
1510
What is the greatest common divisor of 15527346 and 2442?
222
Calculate the highest common factor of 29726 and 262858.
334
Calculate the greatest common divisor of 432 and 76243248.
432
What is the highest common divisor of 22965662 and 422?
422
What is the highest common divisor of 17528 and 1181992?
56
What is the highest common factor of 48 and 141860976?
48
Calculate the greatest common factor of 10 and 14341200.
10
What is the greatest common divisor of 195 and 11042490?
15
What is the highest common factor of 5372 and 1212176?
316
Calculate the greatest common divisor of 3336 and 65574084.
1668
What is the greatest common divisor of 2824 and 167896?
8
Calculate the greatest common divisor of 7766621 and 1.
1
What is the greatest common divisor of 21 and 53452917?
21
Calculate the highest common divisor of 64875 and 145875.
375
Calculate the greatest common divisor of 44207412 and 72.
12
Calculate the highest common divisor of 1176255 and 12015.
135
Calculate the highest common factor of 23760 and 6270480.
2160
Calculate the highest common factor of 20192 and 9232.
16
What is the highest common divisor of 56666 and 26578308?
1954
What is the highest common factor of 2173 and 300161?
41
What is the highest common divisor of 488167759 and 2581?
2581
Calculate the highest common factor of 279265 and 19296935.
2765
What is the greatest common factor of 25286400 and 960?
960
What is the highest common factor of 1230000 and 1385400?
600
What is the highest common divisor of 54066 and 774?
6
Calculate the greatest common factor of 438 and 15844796.
146
What is the highest common factor of 119935 and 46397?
83
Calculate the highest common factor of 18849958 and 4342.
334
What is the highest common factor of 18 and 464826?
6
What is the greatest common divisor of 4598406 and 9?
9
Calculate the highest common factor of 48884 and 51183.
121
What is the highest common divisor of 852039 and 2669?
157
What is the highest common factor of 1596510594 and 11508?
5754
Calculate the greatest common factor of 3289827 and 6.
3
Calculate the greatest common factor of 1837006 and 1474.
134
What is the highest common divisor of 154 and 50264606?
14
What is the greatest common factor of 7130 and 7774552?
1426
Calculate the highest common divisor of 711 and 1083906.
9
What is the greatest common factor of 5029 and 3315074?
107
Calculate the highest common factor of 1061649 and 54774.
1611
Calculate the highest common divisor of 11703 and 8768602.
47
Calculate the highest common divisor of 692898 and 4899.
69
Calculate the greatest common factor of 545067180 and 540.
180
Calculate the greatest common divisor of 10238 and 32120.
2
Calculate the highest common divisor of 834515 and 6424.
11
What is the greatest common divisor of 1021819344 and 147?
147
Calculate the greatest common divisor of 385 and 1703955.
55
What is the greatest common divisor of 48 and 415620984?
24
Calculate the greatest common divisor of 1813630154 and 28.
14
What is the highest common factor of 22 and 60379022?
22
What is the greatest common divisor of 5871 and 47148559?
103
Calculate the greatest common factor of 41372354 and 11354.
1622
Calculate the greatest common divisor of 3432071 and 1.
1
Calculate the greatest common factor of 100164768 and 110.
22
What is the greatest common factor of 161006 and 2014?
38
Calculate the highest common factor of 3693138 and 5886.
654
Calculate the greatest common factor of 512246 and 4.
2
Calculate the highest common factor of 458216 and 1079881.
1397
What is the greatest common factor of 830178 and 10674?
18
Calculate the greatest common divisor of 9352 and 600488.
56
What is the highest common divisor of 2384240 and 100?
20
What is the greatest common divisor of 846 and 3893339?
47
Calculate the greatest common divisor of 5085 and 25879185.
45
Calculate the greatest common factor of 67884358 and 129.
43
What is the highest common factor of 117534 and 333393?
57
What is the greatest common divisor of 17001312 and 4499?
409
What is the highest common factor of 48335024 and 37?
37
Calculate the greatest common divisor of 2731 and 89322817.
2731
What is the highest common factor of 52 and 23051366?
26
What is the highest common factor of 40 and 31346264?
8
What is the highest common divisor of 91379 and 166394857?
3151
Calculate the highest common divisor of 6358 and 871134.
22
What is the highest common factor of 10008423 and 81?
9
Calculate the highest common divisor of 13684 and 40343853.
3421
Calculate the highest common divisor of 125817 and 6477.
51
What is the highest common factor of 175439620 and 20?
20
What is the greatest common factor of 726665917 and 569?
569
What is the greatest common factor of 1170 and 332720505?
585
What is the greatest common factor of 316862 and 1573?
13
What is the greatest common divisor of 32 and 89418352?
16
What is the greatest common factor of 383300482 and 5119?
5119
What is the greatest common divisor of 225990 and 14330682?
1458
What is the greatest common divisor of 5727822 and 74?
74
Calculate the greatest common divisor of 630071 and 34.
17
What is the highest common divisor of 3418540 and 140?
20
Calculate the greatest common divisor of 4007370 and 1668.
834
Calculate the highest common divisor of 8368 and 55424.
16
Calculate the greatest common factor of 147161730 and 12.
6
Calculate the highest common divisor of 4908960 and 28000.
1120
What is the greatest common divisor of 131794 and 33874620?
3562
What is the greatest common divisor of 671 and 180510?
11
Calculate the greatest common factor of 4168201 and 862.
431
Calculate the highest common divisor of 5328538 and 48276.
298
What is the highest common factor of 126494163 and 27?
27
Calculate the greatest common factor of 95290 and 5083.
13
Calculate the highest common factor of 555012 and 369.
9
Calculate the highest common divisor of 69640587 and 27.
27
Calculate the greatest common divisor of 8 and 1367656.
8
Calculate the greatest common divisor of 12 and 86537796.
12
Calculate the highest common factor of 18 and 12064254.
6
What is the highest common divisor of 5415894 and 156073?
1609
What is the greatest common factor of 162 and 397786464?
162
What is the highest common divisor of 103033428 and 24?
12
What is the greatest common divisor of 97474488 and 96?
24
What is the greatest common factor of 449064 and 30626640?
2376
What is the highest common factor of 308664 and 423?
9
Calculate the greatest common factor of 30807 and 1519581.
21
What is the highest common factor of 33 and 468194826?
33
What is the highest common divisor of 399 and 8542065?
21
Calculate the greatest common factor of 20432594 and 182.
182
What is the highest common divisor of 4660005 and 210?
105
Wha